me?
True
Is 3975379 composite?
False
Is 256757 prime?
True
Is 86349995 a composite number?
True
Is 176814863 composite?
True
Is 1792753 composite?
False
Is 23483441 prime?
True
Is 25855321 prime?
True
Is 5287111 a composite number?
True
Is 14849123 a prime number?
True
Is 3955883 prime?
False
Is 174310207 composite?
False
Is 118745737 prime?
False
Is 16614097 prime?
True
Is 659662933 a prime number?
False
Is 196907813 a composite number?
False
Is 436273009 a composite number?
False
Is 1134613 composite?
True
Is 109309619 a composite number?
False
Is 693640573 a composite number?
True
Is 425993 prime?
False
Is 23919257 prime?
True
Is 208883 prime?
False
Is 1095427 prime?
True
Is 17258237 prime?
True
Is 38761651 a prime number?
True
Is 242227039 a composite number?
False
Is 16887131 a prime number?
True
Is 58831559 composite?
True
Is 3977059 a prime number?
True
Is 30327389 a prime number?
False
Is 399340427 a prime number?
True
Is 882379379 composite?
True
Is 1460513 composite?
True
Is 50587969 composite?
False
Is 295359 prime?
False
Is 23299 a composite number?
True
Is 132910135 a composite number?
True
Is 12732521 a prime number?
True
Is 231443 prime?
True
Is 4723529 prime?
False
Is 13184401 composite?
True
Is 614793941 a composite number?
False
Is 3099989 a prime number?
False
Is 8393711 composite?
False
Is 26206859 prime?
False
Is 1119907 prime?
True
Is 865665319 a composite number?
False
Is 193149139 composite?
True
Is 881972449 a composite number?
False
Is 518455157 composite?
True
Is 27425287 a prime number?
True
Is 137055763 composite?
True
Is 311797 composite?
True
Is 12686747 a composite number?
False
Is 163052347 composite?
True
Is 41367803 composite?
False
Is 16730381 composite?
False
Is 4453013 a prime number?
True
Is 3030107 a composite number?
False
Is 144103 a prime number?
True
Is 1141333 a composite number?
True
Is 60583639 composite?
True
Is 160019 a composite number?
False
Is 26698713 prime?
False
Is 12779113 a composite number?
True
Is 11800237 a composite number?
False
Is 83373151 prime?
False
Is 43725043 prime?
False
Is 2353289 composite?
True
Is 689179 a composite number?
True
Is 455565599 a composite number?
False
Is 372263 prime?
True
Is 82785047 a prime number?
True
Is 18270753 prime?
False
Is 6440641 a prime number?
True
Is 17393879 a prime number?
True
Is 10309487 composite?
False
Is 1015277 a prime number?
True
Is 322169 prime?
True
Is 932989 composite?
True
Is 9689021 prime?
True
Is 26108657 a composite number?
True
Is 56970917 composite?
True
Is 1240271 a prime number?
True
Is 3949193 composite?
False
Is 40904389 a composite number?
True
Is 7709777 a prime number?
True
Is 42809471 composite?
False
Is 58665842 a composite number?
True
Is 6627319 a composite number?
False
Is 97907933 a composite number?
False
Is 52007099 prime?
True
Is 35611 composite?
True
Is 20248001 a composite number?
False
Is 305413171 a composite number?
True
Is 19318961 a composite number?
False
Is 2904901 a composite number?
True
Is 25115759 composite?
True
Is 11779585 composite?
True
Is 3690187 composite?
False
Is 97669193 a prime number?
True
Is 338457667 a composite number?
True
Is 1567991 composite?
True
Is 4311397 a prime number?
False
Is 912355 composite?
True
Is 5836597 composite?
True
Is 14574497 prime?
False
Is 26730337 composite?
True
Is 36162403 composite?
False
Is 11362261 composite?
False
Is 27152023 a composite number?
False
Is 6389167 composite?
False
Is 418831097 prime?
False
Is 122381179 composite?
True
Is 148229867 a composite number?
False
Is 80724469 prime?
False
Is 26077589 a composite number?
False
Is 7651591 a prime number?
True
Is 5071861 a prime number?
False
Is 6796909 a composite number?
True
Is 2295833 a prime number?
False
Is 9899293 a composite number?
True
Is 34947469 composite?
False
Is 4358503 prime?
True
Is 43296215 a prime number?
False
Is 4066271 composite?
True
Is 72335587 a composite number?
True
Is 1306867 a composite number?
True
Is 895177 composite?
True
Is 676763207 a composite number?
False
Is 96867577 a composite number?
False
Is 1240277 a prime number?
False
Is 28116043 prime?
True
Is 11843029 prime?
False
Is 4586417 prime?
False
Is 10708387 prime?
True
Is 107546477 a composite number?
True
Is 481091731 prime?
False
Is 255490487 a composite number?
True
Is 583466417 a prime number?
True
Is 49242685 prime?
False
Is 26514857 a prime number?
True
Is 40347871 a prime number?
False
Is 3527443 composite?
False
Is 2811533 prime?
True
Is 20279551 composite?
True
Is 3829363 a composite number?
True
Is 1243758433 prime?
True
Is 189204437 prime?
False
Is 1039711 a composite number?
True
Is 691871 composite?
False
Is 7426537 a prime number?
True
Is 412860331 a composite number?
True
Is 29243 composite?
False
Is 1421141 a prime number?
True
Is 15109397 a prime number?
True
Is 441762733 a composite number?
False
Is 8986669 a prime number?
True
Is 167967113 prime?
True
Is 6567839 a prime number?
True
Is 522577 prime?
False
Is 2441171 a prime number?
False
Is 567899 a prime number?
True
Is 2968813 a composite number?
False
Is 7691083 composite?
False
Is 6660191 a prime number?
True
Is 8500309 a composite number?
False
Is 33241535 composite?
True
Is 46840999 a composite number?
True
Is 1808879 prime?
False
Is 4099271 a prime number?
False
Is 333639497 composite?
False
Is 35715227 a composite number?
False
Is 96593563 composite?
True
Is 5584561 a prime number?
False
Is 147822523 composite?
False
Is 3090779 a composite number?
False
Is 2617169 a prime number?
True
Is 3279431 a composite number?
False
Is 9635485 prime?
False
Is 87214931 prime?
False
Is 2726639 prime?
False
Is 34539799 a prime number?
False
Is 226148359 composite?
True
Is 3317987 a composite number?
True
Is 26588993 composite?
True
Is 197812093 a composite number?
True
Is 64361 a composite number?
True
Is 44821039 a prime number?
True
Is 4527623 a composite number?
False
Is 23955857 composite?
True
Is 79255717 a composite number?
True
Is 124471097 a composite number?
False
Is 44851945 a prime number?
False
Is 2040149 prime?
True
Is 576806 composite?
True
Is 58601 a composite number?
False
Is 1589597 prime?
False
Is 60361493 composite?
False
Is 8711917 prime?
False
Is 28624289 a prime number?
False
Is 233592589 composite?
False
Is 697439173 prime?
False
Is 547999 a prime number?
True
Is 46132441 a prime number?
False
Is 86594639 a composite number?
False
Is 6667369 prime?
True
Is 10405495 a composite number?
True
Is 2821957 composite?
False
Is 3218531 a prime number?
False
Is 30854077 prime?
False
Is 651347 prime?
True
Is 3201983 a composite number?
False
Is 27479437 prime?
False
Is 449665849 composite?
True
Is 68668567 composite?
True
Is 41520371 prime?
True
Is 780655387 composite?
False
Is 661583 prime?
False
Is 1105459 composite?
True
Is 1504645 prime?
False
Is 436151 prime?
True
Is 18315461 composite?
False
Is 11356591 prime?
True
Is 13119233 a composite number?
False
Is 2307927 a composite number?
True
Is 10086047 prime?
False
Is 646667 composite?
True
Is 21171037 a composite number?
False
Is 666738377 prime?
True
Is 3525761 a prime number?
True
Is 531095843 a composite number?
True
Is 84204269 composite?
True
Is 1730933 a composite number?
True
Is 42116311 prime?
True
Is 318842 prime?
False
Is 1150957 prime?
True
Is 4327909 a prime number?
True
Is 36718193 prime?
True
Is 206004769 composite?
True
Is 14757529 a prime number?
False
Is 22264733 composite?
True
Is 112694713 a prime number?
True
Is 85486837 prime?
False
Is 22643641 prime?
True
Is 18057379 a prime number?
True
Is 2151749 prime?
False
Is 162111083 a composite number?
False
Is 3318041 composite?
True
Is 35640053 composite?
True
Is 167949563 prime?
True
Is 4692227 a prime number?
True
Is 46538353 prime?
False
Is 213225811 a composite number?
True
Is 86727671 a prime number?
True
Is 7902227 a composite number?
False
Is 9474089 prime?
False
Is 169891607 a composite number?
False
Is 20754827 a composite number?
False
Is 545537279 composite?
True
Is 16162 a prime number?
False
Is 42040459 prime?
False
Is 12758351 composite?
True
Is 297617687 a prime number?
True
Is 83147389 a composite number?
True
Is 75419 a prime number?
False
Is 6373459 a prime number?
True
Is 9863701 a composite num